 factors of y/(-1)*11/(-1)?
11
Suppose 0 = 5*x - n - 210, 2*n + 94 + 116 = 5*x. What are the prime factors of x?
2, 3, 7
Suppose -2*n = p - 2, -4*p = 2*n - 2 + 12. Suppose n*q - 2*q - 4 = 0. Suppose -3*k = -11 + 2, 2*x - q*k = 12. List the prime factors of x.
2, 3
Suppose -j = -2*c - 1, c + 2*j + 3*j - 5 = 0. Suppose 3*b + 2*b - 70 = c. What are the prime factors of b?
2, 7
Suppose 3*r + 512 = 5*q - 413, -370 = -2*q + 5*r. What are the prime factors of q?
5, 37
Let u = -77 - -109. List the prime factors of u.
2
Suppose 2*c - 102 = -20. Suppose 0*d = 4*d. Suppose 5*o = -w - 3, -5*w = -d*w - 3*o - c. What are the prime factors of w?
7
Let k(n) = 2*n**2 - 3*n + 2. Let l be k(2). Suppose 3*c + s - 9 = 0, l*c + 2*s = 9 + 5. List the prime factors of c.
2
Let x(p) = -p**2 + 20*p - 13. List the prime factors of x(13).
2, 3, 13
Let a be -31 - (-2 + (-12)/(-4)). Let y = a + 59. What are the prime factors of y?
3
Let q(l) = -l**2 - 5*l - 3. Let y(j) = -j - 3. Let z be y(0). List the prime factors of q(z).
3
Let l(i) = 2*i**2 + 6*i - 10. Let m(b) = -b**2 + b. Let w(f) = l(f) + 3*m(f). Let r be w(7). What are the prime factors of (6 - r)*14/4?
7
Let f = 36 - 22. Suppose 0*c - f = -2*c. What are the prime factors of c?
7
Let j = 69 - 47. What are the prime factors of j?
2, 11
Suppose 3*r = 2*q - 24, -2*r + 6 = 2. What are the prime factors of q?
3, 5
Let b = -2 + 5. Suppose -x = b*q + 29, 0*x = 3*q + 5*x + 37. List the prime factors of 6/(-3) - (q + -1).
2
Suppose -4*f + 3*y + 204 = 0, 153 = 3*f - y - 3*y. List the prime factors of f.
3, 17
Let a = -148 - -250. List the prime factors of a.
2, 3, 17
Let u = 29 - 9. Let d = u - 10. What are the prime factors of d?
2, 5
Suppose -25 = -5*d + 10. Let x = 16 - d. What are the prime factors of x?
3
Let n = -21 - -42. Let h = n + 23. Suppose 5*s + 0*s = 4*g + 52, 0 = 4*s - 2*g - h. What are the prime factors of s?
2, 3
List the prime factors of 2*-1*(-21 + 4).
2, 17
Suppose 3*g = -4*w + 460, 4*w - 439 - 173 = -4*g. Suppose -g = -3*p - p. Let u = -27 + p. What are the prime factors of u?
11
Let d(g) = -g - 3. Let r be d(-6). Let z(s) = 2*s**2 - s + 1. What are the prime factors of z(r)?
2
Let h(u) = u + 13. List the prime factors of h(9).
2, 11
Let p be -5*(0 + (-3)/3). Let u = p - 0. Suppose 4*q - k - 6 = 3, 0 = -2*q + u*k + 9. List the prime factors of q.
2
Let t(m) = -m - 5. Let p be t(-7). List the prime factors of p/3 + (-160)/(-12).
2, 7
Let l = 6 - 2. What are the prime factors of 3/24*l*12?
2, 3
Let b(j) = j + 3. Let z be b(2). Suppose u = -z, 3*u + u + 180 = 4*g. What are the prime factors of g?
2, 5
Suppose -3*d + 2*z = 2*d - 30, -5*z = d - 33. List the prime factors of (-201)/(-6) + (-4)/d.
3, 11
Let t = 70 + -45. What are the prime factors of t?
5
Let o(n) = n**3 + 6*n**2 - 10*n - 9. Let m = -7 - -5. Let z be 1/(2/28*m). List the prime factors of o(z).
2, 3
Let u = -54 - -81. List the prime factors of u.
3
Suppose -188 = -5*o + 822. What are the prime factors of o?
2, 101
Let l be 0 + -1 - (-1 + 1). Let a be l*10*(-4)/10. Let k = 13 - a. What are the prime factors of k?
3
Suppose -5*l + 225 = 85. Suppose 0 = 3*b - 7*b + l. What are the prime factors of b?
7
Let m(n) = 72*n**2 + 2*n - 1. List the prime factors of m(1).
73
Let i = 20 + -70. Let p = 72 + i. Suppose 5*y + 3*h + 2*h = 35, 2*h + p = y. What are the prime factors of y?
2, 3
Let q = 0 - -2. Suppose -q*s + 82 = 10. Suppose 4*o - s = 2*o. List the prime factors of o.
2, 3
Suppose -2*b + 1 = -3. Let o(v) = 2*v**3 - 4*v**2 + 2*v + 1. Let t be o(b). Suppose -2*w = 3*p + t, -w - p = 2*w - 10. List the prime factors of w.
5
List the prime factors of 2 - (-34 + -3 + 4).
5, 7
Suppose 19 = -a - 2*z + 1, -4*a - z - 86 = 0. Let i = -7 - a. What are the prime factors of i?
3, 5
Suppose 4*i - 10 = 6. Suppose -16 = -u + i. What are the prime factors of u?
2, 5
Suppose t + 3*t = 0. Suppose 3*f - 33 = -t*f. List the prime factors of f.
11
Suppose 0 = p + 6 - 26. List the prime factors of p.
2, 5
Let b = 2 + 1. Suppose 0 = 2*d + 6, b*z - d - 13 = 35. List the prime factors of z.
3, 5
Let g be ((-18)/(-15))/(4/10). Let j(w) = -w**3 + 2*w**2 + 5*w - 2. What are the prime factors of j(g)?
2
Let u(v) = -v - 2. Let d be u(-4). Suppose h = -d*s + 24, -3*h + 2*s = -h - 48. Suppose -4*o + 8 + h = 0. List the prime factors of o.
2
Let s(h) = -h**3 + h**2 + 23. Let q be s(0). Let f = q + -14. List the prime factors of f.
3
Let h = 2 - -2. Suppose -59 = -3*q + 9*k - h*k, 0 = 4*q - 2*k - 60. List the prime factors of (-1)/1 + q + 0.
2, 3
What are the prime factors of (-1 + -1)*1*(-190)/4?
5, 19
Let i(a) = -a**2 - 25*a - 27. List the prime factors of i(-16).
3, 13
Let s(o) = 11*o. List the prime factors of s(3).
3, 11
Let z(y) = -4*y - 1. Let c be z(-1). Suppose c*s = -2*s, 0 = -3*h + s - 81. Let w = -15 - h. What are the prime factors of w?
2, 3
Let k(i) = i**3 - 5*i**2 - 4*i - 6. List the prime factors of k(6).
2, 3
Let m = 35 + 27. What are the prime factors of m?
2, 31
Let i = 0 - 1. Let o be (-8)/(-2)*(i - -2). Suppose -w = 5, -4*m - 3*w - o = -13. List the prime factors of m.
2, 3
Let h(i) = -12*i - 6. What are the prime factors of h(-5)?
2, 3
Suppose 0 = 3*g - 9. Suppose -2*u = g*l + l - 20, -19 = -l - 4*u. Suppose d - l*i - 24 = 0, -3*i - 20 - 16 = -2*d. What are the prime factors of d?
2, 3
Suppose g - 44 = -5. List the prime factors of g.
3, 13
Let j = 316 - 190. Suppose -7*w - 35 + j = 0. What are the prime factors of w?
13
Let h be -4*1/(8/(-42)). Suppose -h = -c - 0*c. What are the prime factors of c?
3, 7
Let s(l) = l**2 + 3*l + 4. Let c be s(-3). Suppose 4*q - 12 = t + c*t, 2*t - 8 = 0. List the prime factors of q/44 - (-31)/11.
3
Suppose 352 = -3*q + 11*q. What are the prime factors of q?
2, 11
List the prime factors of (0 + 6)/(118/56 + -2).
2, 7
Let b(n) = n**3 + 8*n**2 + n + 1. List the prime factors of b(-7).
43
Suppose -d + 15 = 2*s, 4*s - 13 = 3. Let v = -1 + d. List the prime factors of v.
2, 3
What are the prime factors of 2/(-1) + (30 + 0)*1?
2, 7
Suppose 5*n = 2 - 7, n = -4*h + 275. Let c = -41 + h. What are the prime factors of c?
2, 7
Suppose -22 = 5*n - 272. List the prime factors of n.
2, 5
Suppose 2*c = -3*c - 10. Let a be c/1 - 0 - -10. Let n = -3 + a. What are the prime factors of n?
5
What are the prime factors of 360/(-12)*(-8)/5?
2, 3
Let a be (-2 + (-3)/(-2))*16. Let d = a - -3. What are the prime factors of (-1)/(1/d) - 1?
2
Suppose 4*g + 2*d - 6 = -0*d, -4*d + 12 = -3*g. Let u(v) = -v + 16. List the prime factors of u(g).
2
Let u = 46 - 17. What are the prime factors of u?
29
Let p(k) be the third derivative of -k**5/60 + 7*k**4/24 + 7*k**3/6 - 7*k**2. What are the prime factors of p(6)?
13
Let a = -13 - -8. What are the prime factors of 17 + (6 - 3) + a?
3, 5
Suppose 0 = -2*b - 2. Let w be 2 + (b - 2/2). Suppose n - 1 - 5 = w. What are the prime factors of n?
2, 3
Let f(i) = -12*i + 1. Let h be f(-4). Let j = h - 33. Suppose q + q = j. What are the prime factors of q?
2
Let b = -3 - 1. Let v be (1 + 0)*(-6 - b). Let y = 4 + v. What are the prime factors of y?
2
Let g(v) be the second derivative of -v**3/6 - 5*v**2/2 + 2*v. Let l be g(-6). What are the prime factors of 10 + -1 - (l + 0)?
2
What are the prime factors of 62 + 0/(2 + -7)?
2, 31
Suppose -5*a + b + 13 = 0, 0 = 2*a + b - 7 - 1. Suppose a*f + 0*f - 18 = 0. List the prime factors of f.
2, 3
Suppose 964 + 226 = 10*u. List the prime factors of u.
7, 17
List the prime factors of ((-182)/39)/(1/(-3)).
2, 7
Let t(u) = -14*u**3 + 1. Suppose -2 = -3*l + a - 3, 5*l + 2*a + 9 = 0. What are the prime factors of t(l)?
3, 5
Suppose 0 = 2*p + t + 3*t - 36, 4*p = -3*t + 52. Let q be p/((0 - -2)/(-1)). Let j = 12 + q. What are the prime factors of j?
7
Let x(c) = 2*c - 4. Let w be x(4). Let i = 6 + -7. List the prime factors of (i/(-1))/(2/w).
2
Let j = 1111 - 752. What are the prime factors of j?
359
Let d be (-2 - (-1)/(-1)) + 15. Suppose -d = -3*m + h + 26, -2*m - h = -32. What are the prime factors of m?
2, 7
Let b(g) = -g - 1. Let m be b(1). Let w = -2 - m. Let d = 2 + w. List the prime factors of d.
2
Suppose o - 5*o + 20 = 0. Let v = -1 + o. What are the prime factors of v?
2
Let j(f) = 48*f**2 + f. Let y be j(1). Let t = y + -9. What are the prime factors of t?
2, 5
Let i(g) = 4*